ultiple of 19?
False
Is 27 a factor of 4285386?
True
Is 1104598 a multiple of 118?
True
Is 10964 a multiple of 11?
False
Is 243268 a multiple of 4?
True
Is 4772096 a multiple of 448?
True
Is 361816 a multiple of 104?
True
Is 488984 a multiple of 152?
True
Is 71 a factor of 204563?
False
Does 23 divide 509109?
False
Is 73869 a multiple of 251?
False
Is 129 a factor of 15665502?
True
Is 644 a factor of 4087468?
True
Is 328 a factor of 2125768?
True
Does 579 divide 1221268?
False
Does 62 divide 1075204?
True
Does 591 divide 2056565?
False
Does 127 divide 1158067?
False
Is 305493 a multiple of 119?
False
Does 27 divide 58131?
True
Is 6366218 a multiple of 152?
False
Is 155 a factor of 1519155?
True
Is 3 a factor of 93913?
False
Is 33 a factor of 720248?
False
Does 46 divide 85453?
False
Is 142 a factor of 81934?
True
Is 889 a factor of 9787890?
True
Does 85 divide 92480?
True
Is 31 a factor of 9829182?
False
Is 46 a factor of 31786?
True
Does 484 divide 4588804?
True
Is 1056990 a multiple of 252?
False
Does 815 divide 3504825?
False
Does 685 divide 4587649?
False
Does 26 divide 23530?
True
Does 63 divide 974278?
False
Does 48 divide 1911455?
False
Is 133554 a multiple of 69?
False
Does 110 divide 93390?
True
Is 879 a factor of 10020586?
False
Is 6 a factor of 246546?
True
Is 39 a factor of 538874?
False
Does 5 divide 1044937?
False
Is 3747875 a multiple of 125?
True
Does 72 divide 7273296?
True
Does 22 divide 334005?
False
Does 159 divide 2410873?
False
Does 27 divide 180483?
False
Does 33 divide 27258?
True
Does 1153 divide 2652011?
False
Is 116176 a multiple of 68?
False
Is 124392 a multiple of 146?
True
Is 307108 a multiple of 240?
False
Is 1548513 a multiple of 24?
False
Is 1718992 a multiple of 254?
False
Is 132266 a multiple of 76?
False
Is 629025 a multiple of 35?
False
Is 697133 a multiple of 156?
False
Does 659 divide 2741440?
True
Does 13 divide 1969162?
True
Is 7997111 a multiple of 251?
True
Is 12 a factor of 2831649?
False
Is 205 a factor of 60270?
True
Is 24 a factor of 40231?
False
Does 24 divide 28396?
False
Does 5 divide 50273?
False
Does 676 divide 235248?
True
Does 114 divide 12730444?
False
Does 46 divide 169464?
True
Is 13 a factor of 1441849?
False
Does 63 divide 21564017?
False
Is 655984 a multiple of 91?
False
Is 8 a factor of 19927?
False
Does 12 divide 23885?
False
Does 69 divide 167753?
False
Is 2842666 a multiple of 626?
True
Is 10 a factor of 274170?
True
Does 162 divide 868624?
False
Is 151003 a multiple of 81?
False
Is 852186 a multiple of 20?
False
Is 330192 a multiple of 24?
True
Does 157 divide 50435?
False
Is 568656 a multiple of 22?
True
Is 482157 a multiple of 17?
False
Is 85983 a multiple of 25?
False
Does 35 divide 874895?
True
Is 104432 a multiple of 107?
True
Is 501806 a multiple of 549?
False
Does 26 divide 1472192?
False
Does 203 divide 748472?
False
Is 505155 a multiple of 283?
True
Is 15 a factor of 31987?
False
Is 91 a factor of 65001?
False
Does 91 divide 100100?
True
Is 304 a factor of 14192772?
False
Is 138617 a multiple of 73?
False
Is 3782500 a multiple of 50?
True
Does 11 divide 374049?
False
Is 80273 a multiple of 4?
False
Is 12 a factor of 129902?
False
Is 45 a factor of 2828745?
True
Does 11 divide 1310087?
False
Is 95973 a multiple of 38?
False
Does 80 divide 3549120?
True
Is 10 a factor of 7388170?
True
Is 17 a factor of 155481?
False
Is 131 a factor of 112229?
False
Does 4 divide 8612?
True
Is 5505000 a multiple of 124?
False
Does 38 divide 29640?
True
Is 583981 a multiple of 7?
False
Is 120 a factor of 890435?
False
Is 10 a factor of 132480?
True
Does 5 divide 90360?
True
Is 130234 a multiple of 13?
True
Is 34 a factor of 301750?
True
Is 11 a factor of 3311385?
True
Is 5236 a multiple of 2?
True
Is 7 a factor of 319760?
True
Is 73 a factor of 473478?
True
Is 46659 a multiple of 103?
True
Is 6058767 a multiple of 49?
False
Does 121 divide 19201?
False
Is 50001 a multiple of 31?
False
Is 587397 a multiple of 116?
False
Is 237435 a multiple of 11?
True
Is 81142 a multiple of 58?
True
Is 2583889 a multiple of 23?
True
Is 3910351 a multiple of 10?
False
Does 202 divide 14944954?
False
Is 2317029 a multiple of 13?
True
Is 171 a factor of 1023606?
True
Does 47 divide 42750?
False
Is 57 a factor of 4181577?
True
Is 367751 a multiple of 50?
False
Is 774488 a multiple of 8?
True
Does 8 divide 1229296?
True
Is 56 a factor of 445144?
True
Does 2488 divide 15445504?
True
Does 1262 divide 3171406?
True
Is 2771 a multiple of 17?
True
Is 795 a factor of 577965?
True
Is 467 a factor of 1093411?
False
Does 213 divide 1406583?
False
Is 86 a factor of 6271980?
True
Is 3985994 a multiple of 14?
False
Is 421 a factor of 47152?
True
Is 6499542 a multiple of 398?
False
Is 622579 a multiple of 6?
False
Is 407677 a multiple of 9?
False
Is 240570 a multiple of 131?
False
Is 235298 a multiple of 49?
True
Is 22 a factor of 19290722?
True
Does 168 divide 6514704?
True
Is 30 a factor of 2890092?
False
Is 68607 a multiple of 121?
True
Is 161943 a multiple of 66?
False
Does 4 divide 145144?
True
Is 126 a factor of 4136580?
True
Does 325 divide 141700?
True
Does 40 divide 4555470?
False
Is 102 a factor of 597845?
False
Is 355599 a multiple of 3?
True
Does 67 divide 1757142?
True
Does 6 divide 605290?
False
Does 66 divide 7100412?
True
Does 73 divide 8032317?
False
Is 114585 a multiple of 2?
False
Is 105 a factor of 804405?
True
Is 17 a factor of 182478?
True
Does 52 divide 1284322?
False
Is 5347514 a multiple of 4?
False
Does 25 divide 50600?
True
Does 6 divide 5034618?
True
Is 325548 a multiple of 26?
False
Is 31 a factor of 25265?
True
Does 32 divide 1436448?
True
Is 14 a factor of 1646635?
False
Is 61766 a multiple of 89?
True
Does 152 divide 65541?
False
Does 223 divide 2742231?
True
Is 115 a factor of 30360?
True
Is 49 a factor of 2761849?
False
Is 42402444 a multiple of 14?
True
Is 110 a factor of 11228830?
False
Is 5 a factor of 236605?
True
Does 449 divide 2323125?
False
Is 4636851 a multiple of 86?
False
Is 72 a factor of 125064?
True
Does 337 divide 59312?
True
Is 40 a factor of 2301080?
True
Is 3846 a multiple of 11?
False
Is 2 a factor of 4098479?
False
Is 891 a factor of 4873770?
True
Does 540 divide 3630420?
True
Does 18 divide 778968?
True
Does 331 divide 25487?
True
Is 801346 a multiple of 238?
True
Is 339 a factor of 94920?
True
Is 11885380 a multiple of 260?
True
Is 359 a factor of 1842025?
False
Is 23694278 a multiple of 912?
False
Is 386 a factor of 77880?
False
Does 106 divide 112148?
True
Does 13 divide 469217?
False
Is 561798 a multiple of 118?
True
Does 12 divide 580159?
False
Is 12 a factor of 211632?
True
Is 1172468 a multiple of 245?
False
Does 21 divide 827865?
False
Is 145 a factor of 2176450?
True
Is 791 a factor of 25187022?
True
Does 4 divide 124372?
True
Is 18 a factor of 1928826?
True
Is 18 a factor of 33320?
False
Is 154 a factor of 88776?
False
Does 9 divide 48555?
True
Is 92 a factor of 302956?
True
Is 32443 a multiple of 12?
False
Is 318 a factor of 1166742?
True
Is 5 a factor of 275105?
True
Is 45 a factor of 117645?
False
Does 11 divide 309815?
True
Is 1054 a factor of 467976?
True
Is 661379 a multiple of 13?
False
Does 17 divide 7306744?
False
Is 2952117 a multiple of 329?
True
Does 6 divide 1049442?
True
Is 17 a factor of 44285?
True
Does 4 divide 73666?
False
Is 17 a factor of 130993?
False
Is 26 a factor of 188498?
False
Is 343267 a multiple of 257?
False
Does 14 divide 121198?
True
Does 138 divide 129306?
True
Is 680168 a multiple of 123?
False
Does 117 divide 12207?
False
Is 1178 a factor of 12145049?
False
Is 68 a factor of 173803?
False
Is 13011547 a multiple of 66?
False
Is 478 a factor of 2230348?
True
Is 14765 even?
False
Is 141782 a multiple of 23?
False
Is 39 a factor of 234819?
True
Does 23 divide 6279170?
False
Is 170 a factor of 1091409?
False
Is 156 a factor of 249155?
False
Does 519 divide 7276042?
False
Is 15909 a multiple of 25?
False
Is 60939 a multiple of 106?
False
Is 118328 a multiple of 52?
False
Is 57 a factor of 23981?
False
Is 94 a factor of 64766?
True
Is 7858788 a multiple of 42?
True
Is 116 a factor of 167504?
True
Does 2 divide 841?
False
Is 8 a factor of 3125882?
False
Is 343737 a multiple of 439?
True
Does 12 divide 291866?
False
Is 384118 a mul